t y(v) = -2*v + 3. Let h be y(0). Suppose -5*x + 190 = h*m, x + 3*m + 19 = 57. List the prime factors of x.
2, 19
Let i(a) = a + 3. Suppose -4*g - g = -15. Suppose -g*c + 12 = 3. What are the prime factors of i(c)?
2, 3
Suppose 0 = -5*b + 6*b - 98. List the prime factors of b.
2, 7
Let b = 21 + -11. What are the prime factors of b?
2, 5
Suppose 0 = -4*h - 75 + 531. What are the prime factors of h?
2, 3, 19
Let b(o) = -o**2 - 11*o - 13. Let p(x) = -x**3 + 10*x**2 + 11*x - 9. Let v be p(11). List the prime factors of b(v).
5
What are the prime factors of 5*-4*4/(-1)?
2, 5
Let s = 73 - 147. Let b = s + 124. Suppose 43 = a + 3*a + 5*u, -b = -4*a + 2*u. List the prime factors of a.
2, 3
Suppose 5*j + 4 = -11, 4*b = 3*j + 65. Suppose -3*l + 28 = -b. What are the prime factors of l?
2, 7
Suppose -2*q + h - 2 = 12, -35 = 5*q + 3*h. Let c = -3 - q. Suppose -c*s + 30 = -s. List the prime factors of s.
2, 5
Let d(p) = p**2 - 9*p + 3. Let h(q) = -2*q**2 + 17*q - 7. Let y(b) = -b - 8. Let l be y(-4). Let w(o) = l*h(o) - 7*d(o). What are the prime factors of w(5)?
7
Let x = 5 + 19. Suppose 4*d + 25 = -6*p + 5*p, -3*d + x = -4*p. Let s = p - -16. What are the prime factors of s?
7
Suppose 0 = -6*x + 461 + 25. List the prime factors of x.
3
Suppose -5*o - 29 = -9. Let j(z) = z - 6 + 3*z**2 + 2*z - 5*z + z**3 - 4*z. List the prime factors of j(o).
2
List the prime factors of (4 - 3) + 3 + 258.
2, 131
List the prime factors of (12/30)/(2/170).
2, 17
Suppose -138 = -2*x - 4*d, 2*d + 162 = 2*x - 0*d. What are the prime factors of x?
7, 11
List the prime factors of (7/2)/(7/14).
7
Let q = -15 + 30. List the prime factors of 10*6*2/q.
2
Suppose -7 = -v + 5*k, 0 = -4*v + 4*k + k - 17. What are the prime factors of (18/v)/((-6)/32)?
2, 3
Let a(u) = u + 26. What are the prime factors of a(0)?
2, 13
Let o(v) be the second derivative of v**3 - 3*v**2/2 - 2*v. List the prime factors of o(3).
3, 5
What are the prime factors of ((-15)/20 + 1)*604?
151
Suppose 4*h + h = 5*d + 25, 24 = 5*h - 4*d. Suppose -4*b = -3*b - h. Suppose b*g - 13 - 7 = 0. List the prime factors of g.
5
Let b be (-2 - -5)/6*0. Suppose b = 3*n - 2 - 22. List the prime factors of n.
2
Let y = -5 - -12. Let t(v) = v**3 - 7*v**2 + v + 2. What are the prime factors of t(y)?
3
Suppose -3*s - 111 = -3*w, 0*w - 3*s + 25 = w. List the prime factors of w.
2, 17
Let b(q) = -3*q + 19. Let t(v) = 2*v - 9. Let d(a) = 2*b(a) + 5*t(a). List the prime factors of d(6).
17
Suppose k = -4*k + 20. Suppose -k = -3*w - 16. Let i(z) = 2*z**2 + 6*z + 3. List the prime factors of i(w).
11
Suppose -2*y = -4*y + 38. Let v = -9 + y. List the prime factors of v.
2, 5
Suppose 4*y = 88 - 4. List the prime factors of y.
3, 7
Let p = -1 - -4. Let d = p - 1. Suppose -13 = -t - 4*m, -2*t = -t - d*m - 1. List the prime factors of t.
5
Let q be (-7)/(-3) + (-2)/(-3). Let n be 1/q*1*-39. Let v = 1 - n. What are the prime factors of v?
2, 7
Let c(g) be the third derivative of g**5/60 + g**4/3 + g**3/3 - g**2. Let z be c(-7). Let f = z - -14. List the prime factors of f.
3
Suppose 0 = 2*p + 3*c - 39 + 2, 2*p + 2*c - 34 = 0. What are the prime factors of (-1)/(1 - 16/p)?
7
Suppose -o = 2*o - 18. Let l = 46 - o. What are the prime factors of l?
2, 5
Let v(c) = 4*c**2 - 5*c - 8. What are the prime factors of v(-3)?
43
Suppose 2*o = -4*n - 6, -2*n + 4 = 14. Let i(g) = g - 2. List the prime factors of i(o).
5
Suppose -2*r + 4*r - 124 = -4*h, -2*h + 3*r = -46. Let s = 40 - h. Suppose 0 = 5*x - s - 34. What are the prime factors of x?
3
Let n = -196 + 300. What are the prime factors of n?
2, 13
Suppose -1 + 41 = 5*s. Suppose -5 = 4*b - 29. Let u = s - b. What are the prime factors of u?
2
What are the prime factors of 729/6 - (-2)/4?
2, 61
What are the prime factors of (-3)/(-5) + 0 - 21/(-15)?
2
Let p(h) = h**3 + 7*h**2 - 13*h - 12. Suppose -2*o - b - 12 = 0, -3*o + 0*b - 20 = b. What are the prime factors of p(o)?
2, 7
Suppose -4*r = 55 - 187. List the prime factors of r.
3, 11
Let q be -1 - (-20)/2 - 2. Let l(m) = 3*m - 7. Let d(o) = 9*o - 22. Let k(n) = q*l(n) - 2*d(n). List the prime factors of k(5).
2, 5
Let d(g) = -g**3 - 8*g**2 + 4. Let r be d(-8). Suppose r*m + 0*m = 12. Suppose n - 48 = -m*n. List the prime factors of n.
2, 3
Let g be 0 - (7 + 3)*2. Let c be 10/(-4)*(1 + 3). Let k = c - g. What are the prime factors of k?
2, 5
Suppose 0 = -2*b - 4 - 0. What are the prime factors of b*(5 - 3 - 7)?
2, 5
Let d(l) be the second derivative of l**3/2 - 2*l**2 - 3*l. List the prime factors of d(10).
2, 13
Let z = 4 + -2. Suppose 0 = -3*j - j - 2*l + 48, 5*l = -z*j + 40. List the prime factors of 10/(-25) - (-24)/j.
2
Let b = 5 - 1. What are the prime factors of b?
2
Let j(k) = -k**2 + 11*k. Suppose 3*t = 4*v - 28, v - 4*v = t - 21. Let s be j(v). Let g = s + -15. What are the prime factors of g?
13
Let d(f) = 2*f**2 - 12*f + 10. Suppose -h + 0*h + 8 = 0. List the prime factors of d(h).
2, 3, 7
Let u be 6 + -1 + (-2 - -2). Suppose -5*y + 18 = -z + 49, -4*z + u*y = -49. What are the prime factors of z?
2, 3
Suppose 6*h + 3*i - 205 = 2*h, 3*h - 158 = 2*i. What are the prime factors of h?
2, 13
Let s = 170 - 100. List the prime factors of s.
2, 5, 7
Let h be ((-64)/10)/((-1)/5). Suppose -4*x + 7*x + 3*i = 84, -x - 3*i + h = 0. What are the prime factors of x?
2, 13
Let r(x) = -x**2 - 5*x - 4. Let y be r(-4). Let d be (y - -1 - -2) + 1. Suppose -3*q + 13 = -4*p - 15, d*q + 5*p + 4 = 0. What are the prime factors of q?
2
Let p(u) = 2*u**3 - u**2 + 2. Let t be p(-2). List the prime factors of (t/(-4))/((-3)/(-8)).
2, 3
Suppose -8*k + 3*k = -20. Suppose -3*i + 11 = -k*g, -2*i = -5*g + 1 - 6. Suppose -i*j + 52 = -j. List the prime factors of j.
13
Let u(t) = 19*t - 7. Let f be u(5). Suppose -f - 8 = -3*g. What are the prime factors of g?
2
Suppose 2*j = -3*r, 4*r - 13 = -29. List the prime factors of 16/j + 11/33.
3
Let x(i) = -7*i - 30. List the prime factors of x(-12).
2, 3
Suppose -4*f + 3*i - 5*i = -130, -2*f = 4*i - 50. Suppose l + d + 0*d - 13 = 0, -2*l = 5*d - f. List the prime factors of l.
2, 5
Suppose 2*t + 4 = -2, -5*c + 542 = -4*t. List the prime factors of c.
2, 53
Let q(j) be the second derivative of -j**4/6 - j**3 + 5*j**2/2 - j. Let s(b) be the first derivative of q(b). List the prime factors of s(-4).
2, 5
Suppose 8 = 5*o - 2. Let n(r) = -9 + 0*r**2 - 10*r - r**o + r. What are the prime factors of n(-6)?
3
Let u = 13 - 25. Let o = u + 20. List the prime factors of o.
2
Suppose 2*c - 190 = -3*c. What are the prime factors of c?
2, 19
Let v(j) = j**3 + 5*j**2 - 6*j + 3. Let h be v(-6). List the prime factors of (-52)/(-6)*h/2.
13
Let r = 101 - 70. What are the prime factors of r?
31
Suppose -5*l - 25 = -0. Let g = l - -7. What are the prime factors of g?
2
Let a(q) = -3*q - 4. Let x be a(-5). Let i = x - 7. Suppose i*k + 5 = 5*k. List the prime factors of k.
5
Suppose 2*g + 3*g = 115. List the prime factors of g.
23
Let z = 84 + -64. List the prime factors of z.
2, 5
Let g = -11 - -17. Suppose -3*l - w + 5 + 14 = 0, g = -3*w. List the prime factors of l.
7
Let r = 7 + -5. Suppose 0 = -r*c + 9 + 17. What are the prime factors of c?
13
Let x(k) = k - 3 - 4 - k + k + 10*k**2 - k**3. List the prime factors of x(10).
3
Suppose -5 = -t - 0. Let h = -9 + t. Let w = h - -7. List the prime factors of w.
3
Let y(z) = 2*z**2 - z - 3. List the prime factors of y(-3).
2, 3
Suppose 0 = k + 5*v - 105, -4*k + 2*k + 198 = -2*v. What are the prime factors of k?
2, 5
Suppose -2*y + 200 = 58. What are the prime factors of y?
71
Let q(r) = -5*r + 3*r + 4*r + 11. List the prime factors of q(5).
3, 7
Let c = 4 + 1. Suppose 7 = t + u, 20 - 5 = c*u. Let l = t + 3. What are the prime factors of l?
7
Let n = -10 - -6. Let o be n/18 - (-11)/9. List the prime factors of o - (-4 - (-1 + -2)).
2
Let n be (-4)/(-6)*(-516)/(-8). Suppose -3*r + 5*g = -n, -4*r - g + 106 = 41. What are the prime factors of r?
2
Let x = 11 - 7. List the prime factors of (-3)/12 + 29/x.
7
Let l be 10*(-1)/((-10)/4). Let p = 16 - l. Let x = p - 4. What are the prime factors of x?
2
Let b(q) = 2*q**2 + 16*q + 19. What are the prime factors of b(-11)?
5, 17
Suppose -2*d - d + 42 = 0. Suppose 0 = 5*j - 0*j - 4*o - d, -4*o = -j - 10. List the prime factors of j.
2, 3
Suppose 5*p = -2*g + 1, -2